{"id":11598,"date":"2024-05-07T06:54:32","date_gmt":"2024-05-07T06:54:32","guid":{"rendered":"https:\/\/www.tiensesuiker.com\/recept\/tarte-aux-fraises-pour-la-fete-des-meres\/"},"modified":"2024-05-07T06:54:32","modified_gmt":"2024-05-07T06:54:32","slug":"tarte-aux-fraises-pour-la-fete-des-meres","status":"publish","type":"recept","link":"https:\/\/www.tiensesuiker.com\/fr\/recette\/tarte-aux-fraises-pour-la-fete-des-meres\/","title":{"rendered":"Tarte aux fraises (pour la f\u00eate des m\u00e8res)"},"content":{"rendered":"","protected":false},"featured_media":11595,"template":"","tags":[67],"receptcategorie":[40],"complexiteit":[],"bereidingstijd":[58],"class_list":["post-11598","recept","type-recept","status-publish","has-post-thumbnail","hentry","tag-standard2-fr","receptcategorie-tartes","bereidingstijd-30-60m-fr"],"acf":[],"yoast_head":"<!-- This site is optimized with the Yoast SEO plugin v27.5 - https:\/\/yoast.com\/product\/yoast-seo-wordpress\/ -->\n<title>Recette: Tarte aux fraises (pour la f\u00eate des m\u00e8res) - Sucres de Tirlemont<\/title>\n<meta name=\"description\" content=\"Cette tarte aux fraises avec gla\u00e7age aux fraises est le cadeau parfait pour la f\u00eate des M\u00e8res.\" \/>\n<meta name=\"robots\" content=\"index, follow, max-snippet:-1, max-image-preview:large, max-video-preview:-1\" \/>\n<link rel=\"canonical\" href=\"https:\/\/www.tiensesuiker.com\/fr\/recette\/tarte-aux-fraises-pour-la-fete-des-meres\/\" \/>\n<meta property=\"og:locale\" content=\"fr_FR\" \/>\n<meta property=\"og:type\" content=\"article\" \/>\n<meta property=\"og:title\" content=\"Recette: Tarte aux fraises (pour la f\u00eate des m\u00e8res) - Sucres de Tirlemont\" \/>\n<meta property=\"og:description\" content=\"Cette tarte aux fraises avec gla\u00e7age aux fraises est le cadeau parfait pour la f\u00eate des M\u00e8res.\" \/>\n<meta property=\"og:url\" content=\"https:\/\/www.tiensesuiker.com\/fr\/recette\/tarte-aux-fraises-pour-la-fete-des-meres\/\" \/>\n<meta property=\"og:site_name\" content=\"Sucres de Tirlemont\" \/>\n<meta property=\"og:image\" content=\"https:\/\/www.tiensesuiker.com\/wp-content\/uploads\/2024\/05\/Featured_AardbeientaartMoederdag.jpg\" \/>\n\t<meta property=\"og:image:width\" content=\"300\" \/>\n\t<meta property=\"og:image:height\" content=\"300\" \/>\n\t<meta property=\"og:image:type\" content=\"image\/jpeg\" \/>\n<meta name=\"twitter:card\" content=\"summary_large_image\" \/>\n<script type=\"application\/ld+json\" class=\"yoast-schema-graph\">{\"@context\":\"https:\\\/\\\/schema.org\",\"@graph\":[{\"@type\":\"WebPage\",\"@id\":\"https:\\\/\\\/www.tiensesuiker.com\\\/fr\\\/recette\\\/tarte-aux-fraises-pour-la-fete-des-meres\\\/\",\"url\":\"https:\\\/\\\/www.tiensesuiker.com\\\/fr\\\/recette\\\/tarte-aux-fraises-pour-la-fete-des-meres\\\/\",\"name\":\"Recette: Tarte aux fraises (pour la f\u00eate des m\u00e8res) - Sucres de Tirlemont\",\"isPartOf\":{\"@id\":\"https:\\\/\\\/www.tiensesuiker.com\\\/fr\\\/#website\"},\"primaryImageOfPage\":{\"@id\":\"https:\\\/\\\/www.tiensesuiker.com\\\/fr\\\/recette\\\/tarte-aux-fraises-pour-la-fete-des-meres\\\/#primaryimage\"},\"image\":{\"@id\":\"https:\\\/\\\/www.tiensesuiker.com\\\/fr\\\/recette\\\/tarte-aux-fraises-pour-la-fete-des-meres\\\/#primaryimage\"},\"thumbnailUrl\":\"https:\\\/\\\/www.tiensesuiker.com\\\/wp-content\\\/uploads\\\/2024\\\/05\\\/Featured_AardbeientaartMoederdag.jpg\",\"datePublished\":\"2024-05-07T06:54:32+00:00\",\"description\":\"Cette tarte aux fraises avec gla\u00e7age aux fraises est le cadeau parfait pour la f\u00eate des M\u00e8res.\",\"breadcrumb\":{\"@id\":\"https:\\\/\\\/www.tiensesuiker.com\\\/fr\\\/recette\\\/tarte-aux-fraises-pour-la-fete-des-meres\\\/#breadcrumb\"},\"inLanguage\":\"fr-FR\",\"potentialAction\":[{\"@type\":\"ReadAction\",\"target\":[\"https:\\\/\\\/www.tiensesuiker.com\\\/fr\\\/recette\\\/tarte-aux-fraises-pour-la-fete-des-meres\\\/\"]}]},{\"@type\":\"ImageObject\",\"inLanguage\":\"fr-FR\",\"@id\":\"https:\\\/\\\/www.tiensesuiker.com\\\/fr\\\/recette\\\/tarte-aux-fraises-pour-la-fete-des-meres\\\/#primaryimage\",\"url\":\"https:\\\/\\\/www.tiensesuiker.com\\\/wp-content\\\/uploads\\\/2024\\\/05\\\/Featured_AardbeientaartMoederdag.jpg\",\"contentUrl\":\"https:\\\/\\\/www.tiensesuiker.com\\\/wp-content\\\/uploads\\\/2024\\\/05\\\/Featured_AardbeientaartMoederdag.jpg\",\"width\":300,\"height\":300,\"caption\":\"Aardbeientaart (voor moederdag)\"},{\"@type\":\"BreadcrumbList\",\"@id\":\"https:\\\/\\\/www.tiensesuiker.com\\\/fr\\\/recette\\\/tarte-aux-fraises-pour-la-fete-des-meres\\\/#breadcrumb\",\"itemListElement\":[{\"@type\":\"ListItem\",\"position\":1,\"name\":\"Home\",\"item\":\"https:\\\/\\\/www.tiensesuiker.com\\\/fr\\\/\"},{\"@type\":\"ListItem\",\"position\":2,\"name\":\"Recettes\",\"item\":\"https:\\\/\\\/www.tiensesuiker.com\\\/fr\\\/recette\\\/\"},{\"@type\":\"ListItem\",\"position\":3,\"name\":\"Tarte aux fraises (pour la f\u00eate des m\u00e8res)\"}]},{\"@type\":\"WebSite\",\"@id\":\"https:\\\/\\\/www.tiensesuiker.com\\\/fr\\\/#website\",\"url\":\"https:\\\/\\\/www.tiensesuiker.com\\\/fr\\\/\",\"name\":\"Sucres de Tirlemont\",\"description\":\"\",\"potentialAction\":[{\"@type\":\"SearchAction\",\"target\":{\"@type\":\"EntryPoint\",\"urlTemplate\":\"https:\\\/\\\/www.tiensesuiker.com\\\/fr\\\/?s={search_term_string}\"},\"query-input\":{\"@type\":\"PropertyValueSpecification\",\"valueRequired\":true,\"valueName\":\"search_term_string\"}}],\"inLanguage\":\"fr-FR\"}]}<\/script>\n<!-- \/ Yoast SEO plugin. -->","yoast_head_json":{"title":"Recette: Tarte aux fraises (pour la f\u00eate des m\u00e8res) - Sucres de Tirlemont","description":"Cette tarte aux fraises avec gla\u00e7age aux fraises est le cadeau parfait pour la f\u00eate des M\u00e8res.","robots":{"index":"index","follow":"follow","max-snippet":"max-snippet:-1","max-image-preview":"max-image-preview:large","max-video-preview":"max-video-preview:-1"},"canonical":"https:\/\/www.tiensesuiker.com\/fr\/recette\/tarte-aux-fraises-pour-la-fete-des-meres\/","og_locale":"fr_FR","og_type":"article","og_title":"Recette: Tarte aux fraises (pour la f\u00eate des m\u00e8res) - Sucres de Tirlemont","og_description":"Cette tarte aux fraises avec gla\u00e7age aux fraises est le cadeau parfait pour la f\u00eate des M\u00e8res.","og_url":"https:\/\/www.tiensesuiker.com\/fr\/recette\/tarte-aux-fraises-pour-la-fete-des-meres\/","og_site_name":"Sucres de Tirlemont","og_image":[{"width":300,"height":300,"url":"https:\/\/www.tiensesuiker.com\/wp-content\/uploads\/2024\/05\/Featured_AardbeientaartMoederdag.jpg","type":"image\/jpeg"}],"twitter_card":"summary_large_image","schema":{"@context":"https:\/\/schema.org","@graph":[{"@type":"WebPage","@id":"https:\/\/www.tiensesuiker.com\/fr\/recette\/tarte-aux-fraises-pour-la-fete-des-meres\/","url":"https:\/\/www.tiensesuiker.com\/fr\/recette\/tarte-aux-fraises-pour-la-fete-des-meres\/","name":"Recette: Tarte aux fraises (pour la f\u00eate des m\u00e8res) - Sucres de Tirlemont","isPartOf":{"@id":"https:\/\/www.tiensesuiker.com\/fr\/#website"},"primaryImageOfPage":{"@id":"https:\/\/www.tiensesuiker.com\/fr\/recette\/tarte-aux-fraises-pour-la-fete-des-meres\/#primaryimage"},"image":{"@id":"https:\/\/www.tiensesuiker.com\/fr\/recette\/tarte-aux-fraises-pour-la-fete-des-meres\/#primaryimage"},"thumbnailUrl":"https:\/\/www.tiensesuiker.com\/wp-content\/uploads\/2024\/05\/Featured_AardbeientaartMoederdag.jpg","datePublished":"2024-05-07T06:54:32+00:00","description":"Cette tarte aux fraises avec gla\u00e7age aux fraises est le cadeau parfait pour la f\u00eate des M\u00e8res.","breadcrumb":{"@id":"https:\/\/www.tiensesuiker.com\/fr\/recette\/tarte-aux-fraises-pour-la-fete-des-meres\/#breadcrumb"},"inLanguage":"fr-FR","potentialAction":[{"@type":"ReadAction","target":["https:\/\/www.tiensesuiker.com\/fr\/recette\/tarte-aux-fraises-pour-la-fete-des-meres\/"]}]},{"@type":"ImageObject","inLanguage":"fr-FR","@id":"https:\/\/www.tiensesuiker.com\/fr\/recette\/tarte-aux-fraises-pour-la-fete-des-meres\/#primaryimage","url":"https:\/\/www.tiensesuiker.com\/wp-content\/uploads\/2024\/05\/Featured_AardbeientaartMoederdag.jpg","contentUrl":"https:\/\/www.tiensesuiker.com\/wp-content\/uploads\/2024\/05\/Featured_AardbeientaartMoederdag.jpg","width":300,"height":300,"caption":"Aardbeientaart (voor moederdag)"},{"@type":"BreadcrumbList","@id":"https:\/\/www.tiensesuiker.com\/fr\/recette\/tarte-aux-fraises-pour-la-fete-des-meres\/#breadcrumb","itemListElement":[{"@type":"ListItem","position":1,"name":"Home","item":"https:\/\/www.tiensesuiker.com\/fr\/"},{"@type":"ListItem","position":2,"name":"Recettes","item":"https:\/\/www.tiensesuiker.com\/fr\/recette\/"},{"@type":"ListItem","position":3,"name":"Tarte aux fraises (pour la f\u00eate des m\u00e8res)"}]},{"@type":"WebSite","@id":"https:\/\/www.tiensesuiker.com\/fr\/#website","url":"https:\/\/www.tiensesuiker.com\/fr\/","name":"Sucres de Tirlemont","description":"","potentialAction":[{"@type":"SearchAction","target":{"@type":"EntryPoint","urlTemplate":"https:\/\/www.tiensesuiker.com\/fr\/?s={search_term_string}"},"query-input":{"@type":"PropertyValueSpecification","valueRequired":true,"valueName":"search_term_string"}}],"inLanguage":"fr-FR"}]}},"_links":{"self":[{"href":"https:\/\/www.tiensesuiker.com\/fr\/wp-json\/wp\/v2\/recept\/11598","targetHints":{"allow":["GET"]}}],"collection":[{"href":"https:\/\/www.tiensesuiker.com\/fr\/wp-json\/wp\/v2\/recept"}],"about":[{"href":"https:\/\/www.tiensesuiker.com\/fr\/wp-json\/wp\/v2\/types\/recept"}],"wp:featuredmedia":[{"embeddable":true,"href":"https:\/\/www.tiensesuiker.com\/fr\/wp-json\/wp\/v2\/media\/11595"}],"wp:attachment":[{"href":"https:\/\/www.tiensesuiker.com\/fr\/wp-json\/wp\/v2\/media?parent=11598"}],"wp:term":[{"taxonomy":"post_tag","embeddable":true,"href":"https:\/\/www.tiensesuiker.com\/fr\/wp-json\/wp\/v2\/tags?post=11598"},{"taxonomy":"receptcategorie","embeddable":true,"href":"https:\/\/www.tiensesuiker.com\/fr\/wp-json\/wp\/v2\/receptcategorie?post=11598"},{"taxonomy":"complexiteit","embeddable":true,"href":"https:\/\/www.tiensesuiker.com\/fr\/wp-json\/wp\/v2\/complexiteit?post=11598"},{"taxonomy":"bereidingstijd","embeddable":true,"href":"https:\/\/www.tiensesuiker.com\/fr\/wp-json\/wp\/v2\/bereidingstijd?post=11598"}],"curies":[{"name":"wp","href":"https:\/\/api.w.org\/{rel}","templated":true}]}}

Tarte aux fraises (pour la fête des mères)

<!-- This site is optimized with the Yoast SEO plugin v27.5 - https://yoast.com/product/yoast-seo-wordpress/ -->
<title>Recette: Tarte aux fraises (pour la fête des mères) - Sucres de Tirlemont</title>
<meta name="description" content="Cette tarte aux fraises avec glaçage aux fraises est le cadeau parfait pour la fête des Mères." />
<meta name="robots" content="index, follow, max-snippet:-1, max-image-preview:large, max-video-preview:-1" />
<link rel="canonical" href="https://www.tiensesuiker.com/fr/recette/tarte-aux-fraises-pour-la-fete-des-meres/" />
<meta property="og:locale" content="fr_FR" />
<meta property="og:type" content="article" />
<meta property="og:title" content="Recette: Tarte aux fraises (pour la fête des mères) - Sucres de Tirlemont" />
<meta property="og:description" content="Cette tarte aux fraises avec glaçage aux fraises est le cadeau parfait pour la fête des Mères." />
<meta property="og:url" content="https://www.tiensesuiker.com/fr/recette/tarte-aux-fraises-pour-la-fete-des-meres/" />
<meta property="og:site_name" content="Sucres de Tirlemont" />
<meta property="og:image" content="https://www.tiensesuiker.com/wp-content/uploads/2024/05/Featured_AardbeientaartMoederdag.jpg" />
	<meta property="og:image:width" content="300" />
	<meta property="og:image:height" content="300" />
	<meta property="og:image:type" content="image/jpeg" />
<meta name="twitter:card" content="summary_large_image" />
<script type="application/ld+json" class="yoast-schema-graph">{"@context":"https:\/\/schema.org","@graph":[{"@type":"WebPage","@id":"https:\/\/www.tiensesuiker.com\/fr\/recette\/tarte-aux-fraises-pour-la-fete-des-meres\/","url":"https:\/\/www.tiensesuiker.com\/fr\/recette\/tarte-aux-fraises-pour-la-fete-des-meres\/","name":"Recette: Tarte aux fraises (pour la fête des mères) - Sucres de Tirlemont","isPartOf":{"@id":"https:\/\/www.tiensesuiker.com\/fr\/#website"},"primaryImageOfPage":{"@id":"https:\/\/www.tiensesuiker.com\/fr\/recette\/tarte-aux-fraises-pour-la-fete-des-meres\/#primaryimage"},"image":{"@id":"https:\/\/www.tiensesuiker.com\/fr\/recette\/tarte-aux-fraises-pour-la-fete-des-meres\/#primaryimage"},"thumbnailUrl":"https:\/\/www.tiensesuiker.com\/wp-content\/uploads\/2024\/05\/Featured_AardbeientaartMoederdag.jpg","datePublished":"2024-05-07T06:54:32+00:00","description":"Cette tarte aux fraises avec glaçage aux fraises est le cadeau parfait pour la fête des Mères.","breadcrumb":{"@id":"https:\/\/www.tiensesuiker.com\/fr\/recette\/tarte-aux-fraises-pour-la-fete-des-meres\/#breadcrumb"},"inLanguage":"fr-FR","potentialAction":[{"@type":"ReadAction","target":["https:\/\/www.tiensesuiker.com\/fr\/recette\/tarte-aux-fraises-pour-la-fete-des-meres\/"]}]},{"@type":"ImageObject","inLanguage":"fr-FR","@id":"https:\/\/www.tiensesuiker.com\/fr\/recette\/tarte-aux-fraises-pour-la-fete-des-meres\/#primaryimage","url":"https:\/\/www.tiensesuiker.com\/wp-content\/uploads\/2024\/05\/Featured_AardbeientaartMoederdag.jpg","contentUrl":"https:\/\/www.tiensesuiker.com\/wp-content\/uploads\/2024\/05\/Featured_AardbeientaartMoederdag.jpg","width":300,"height":300,"caption":"Aardbeientaart (voor moederdag)"},{"@type":"BreadcrumbList","@id":"https:\/\/www.tiensesuiker.com\/fr\/recette\/tarte-aux-fraises-pour-la-fete-des-meres\/#breadcrumb","itemListElement":[{"@type":"ListItem","position":1,"name":"Home","item":"https:\/\/www.tiensesuiker.com\/fr\/"},{"@type":"ListItem","position":2,"name":"Recettes","item":"https:\/\/www.tiensesuiker.com\/fr\/recette\/"},{"@type":"ListItem","position":3,"name":"Tarte aux fraises (pour la fête des mères)"}]},{"@type":"WebSite","@id":"https:\/\/www.tiensesuiker.com\/fr\/#website","url":"https:\/\/www.tiensesuiker.com\/fr\/","name":"Sucres de Tirlemont","description":"","potentialAction":[{"@type":"SearchAction","target":{"@type":"EntryPoint","urlTemplate":"https:\/\/www.tiensesuiker.com\/fr\/?s={search_term_string}"},"query-input":{"@type":"PropertyValueSpecification","valueRequired":true,"valueName":"search_term_string"}}],"inLanguage":"fr-FR"}]}</script>
<!-- / Yoast SEO plugin. -->

Recette: Tarte aux fraises (pour la fête des mères) - Sucres de Tirlemont

Cette tarte aux fraises avec glaçage aux fraises est le cadeau parfait pour la fête des Mères.
